{"id":562,"date":"2018-06-12T13:58:52","date_gmt":"2018-06-12T13:58:52","guid":{"rendered":"https:\/\/campgemmi.ch\/?page_id=562"},"modified":"2022-01-03T13:58:40","modified_gmt":"2022-01-03T13:58:40","slug":"service","status":"publish","type":"page","link":"https:\/\/campgemmi.ch\/?page_id=562&lang=en","title":{"rendered":"Service"},"content":{"rendered":"<p>[et_pb_section fb_built=&#8220;1&#8243; admin_label=&#8220;section&#8220; _builder_version=&#8220;3.0.47&#8243;][et_pb_row _builder_version=&#8220;3.0.106&#8243;][et_pb_column type=&#8220;1_2&#8243; _builder_version=&#8220;3.0.106&#8243; parallax=&#8220;off&#8220; parallax_method=&#8220;on&#8220;][et_pb_image src=&#8220;https:\/\/campgemmi.ch\/wp-content\/uploads\/2018\/06\/l\u00f6tscher.jpeg&#8220; _builder_version=&#8220;3.0.106&#8243;][\/et_pb_image][\/et_pb_column][et_pb_column type=&#8220;1_2&#8243; _builder_version=&#8220;3.0.106&#8243; parallax=&#8220;off&#8220; parallax_method=&#8220;on&#8220;][et_pb_text _builder_version=&#8220;3.0.106&#8243;]<\/p>\n<p><strong>Service und Beratung<\/strong><\/p>\n<p><span>Wir sind langj\u00e4hrige und erfahrene Camper und wissen genau, was f\u00fcr unsere G\u00e4ste wichtig ist. Wenn Sie es w\u00fcnschen, helfen wir gerne beim Aufstellen Ihres Caravans oder Wohnmobils und stellen Ihnen einen Abwasserschlauch zur Verf\u00fcgung. Auch mit Ihren grossen oder kleinen Problemen des Camperalltags lassen wir Sie nicht allein. Sie sollen sich bei uns zu Hause f\u00fchlen.<\/span><\/p>\n<p><span>Ihr Gemmi Team<\/span><\/p>\n<p>[\/et_pb_text][\/et_pb_column][\/et_pb_row][et_pb_row _builder_version=&#8220;3.0.106&#8243;][et_pb_column type=&#8220;1_2&#8243; _builder_version=&#8220;3.0.106&#8243; parallax=&#8220;off&#8220; parallax_method=&#8220;on&#8220;][et_pb_image src=&#8220;https:\/\/campgemmi.ch\/wp-content\/uploads\/2018\/06\/Screenshot-at-Juni-13-09-51-42.png&#8220; _builder_version=&#8220;3.0.106&#8243;][\/et_pb_image][\/et_pb_column][et_pb_column type=&#8220;1_2&#8243; _builder_version=&#8220;3.0.106&#8243; parallax=&#8220;off&#8220; parallax_method=&#8220;on&#8220;][et_pb_text _builder_version=&#8220;3.0.106&#8243;]<\/p>\n<p><b>Wanderungen<\/b><\/p>\n<p><span>Wandern k\u00f6nnen Sie im Wallis unbegrenzt. Hunderte km ausgeschilderte Wanderwege warten nur auf Sie. Aus diesem Angebot haben wir f\u00fcr unsere G\u00e4ste 15 Vorschl\u00e4ge ausgearbeitet, die wir alle selbst gegangen sind. Deshalb k\u00f6nnen wir Ihnen auch kompetente Ausk\u00fcnfte erteilen. Diese Wanderungen beginnen entweder direkt am Camping oder der Ausgangspunkt ist mit dem Auto oder Bus schnell zu erreichen. An der Rezeption haben wir eine Dokumentation ausgelegt, mit der Sie sich bestens informieren k\u00f6nnen. Kartenmaterial erhalten Sie im Laden.<\/span><\/p>\n<p>\u00a0<\/p>\n<p>[\/et_pb_text][\/et_pb_column][\/et_pb_row][et_pb_row _builder_version=&#8220;3.0.106&#8243;][et_pb_column type=&#8220;1_2&#8243; _builder_version=&#8220;3.0.106&#8243; parallax=&#8220;off&#8220; parallax_method=&#8220;on&#8220;][et_pb_image src=&#8220;https:\/\/campgemmi.ch\/wp-content\/uploads\/2018\/06\/alpine.jpeg&#8220; _builder_version=&#8220;3.0.106&#8243;][\/et_pb_image][\/et_pb_column][et_pb_column type=&#8220;1_2&#8243; _builder_version=&#8220;3.0.106&#8243; parallax=&#8220;off&#8220; parallax_method=&#8220;on&#8220;][et_pb_text _builder_version=&#8220;3.0.106&#8243;]<\/p>\n<p><strong>Alpine Erlebsnisse<\/strong><\/p>\n<p><span>Das Wallis hat viele Sehensw\u00fcrdigkeiten, die Sie einfach kennenlernen m\u00fcssen. Sonst sind Sie nicht hier gewesen. Die gewaltigen Bergriesen, die einmaligen Panoramen, die (leider nicht mehr) ewigen Gletscher, die Staud\u00e4mme, Seen und vieles andere kann man nicht zu Fuss erreichen. Aber die ausgezeichnete Infrastruktur gibt uns heute die M\u00f6glichkeit zu den sch\u00f6nsten Punkten selbst zu fahren, mit Bergbahnen zu &#8222;erklimmen&#8220; und einfach zu geniesen.\u00a0<\/span><span>Auch f\u00fcr ausgew\u00e4hlte Ausfl\u00fcge haben wir eine Dukumentation mit Bild, Text und Fahrtskizzen zusammengestellt, die Sie an der Rezeption kurzfristig einsehen k\u00f6nnen.<\/span><\/p>\n<p>[\/et_pb_text][\/et_pb_column][\/et_pb_row][\/et_pb_section]<\/p>\n","protected":false},"excerpt":{"rendered":"<p>[et_pb_section fb_built=&#8220;1&#8243; admin_label=&#8220;section&#8220; _builder_version=&#8220;3.0.47&#8243;][et_pb_row _builder_version=&#8220;3.0.106&#8243;][et_pb_column type=&#8220;1_2&#8243; _builder_version=&#8220;3.0.106&#8243; parallax=&#8220;off&#8220; parallax_method=&#8220;on&#8220;][et_pb_image src=&#8220;https:\/\/campgemmi.ch\/wp-content\/uploads\/2018\/06\/l\u00f6tscher.jpeg&#8220; _builder_version=&#8220;3.0.106&#8243;][\/et_pb_image][\/et_pb_column][et_pb_column type=&#8220;1_2&#8243; _builder_version=&#8220;3.0.106&#8243; parallax=&#8220;off&#8220; parallax_method=&#8220;on&#8220;][et_pb_text _builder_version=&#8220;3.0.106&#8243;] Service und Beratung Wir sind langj\u00e4hrige und erfahrene Camper und wissen genau, was f\u00fcr unsere G\u00e4ste wichtig ist. Wenn Sie es w\u00fcnschen, helfen wir gerne beim Aufstellen Ihres Caravans oder Wohnmobils und stellen Ihnen einen Abwasserschlauch zur Verf\u00fcgung. Auch [&hellip;]<\/p>\n","protected":false},"author":1,"featured_media":0,"parent":0,"menu_order":0,"comment_status":"closed","ping_status":"closed","template":"","meta":{"footnotes":""},"_links":{"self":[{"href":"https:\/\/campgemmi.ch\/index.php?rest_route=\/wp\/v2\/pages\/562"}],"collection":[{"href":"https:\/\/campgemmi.ch\/index.php?rest_route=\/wp\/v2\/pages"}],"about":[{"href":"https:\/\/campgemmi.ch\/index.php?rest_route=\/wp\/v2\/types\/page"}],"author":[{"embeddable":true,"href":"https:\/\/campgemmi.ch\/index.php?rest_route=\/wp\/v2\/users\/1"}],"replies":[{"embeddable":true,"href":"https:\/\/campgemmi.ch\/index.php?rest_route=%2Fwp%2Fv2%2Fcomments&post=562"}],"version-history":[{"count":2,"href":"https:\/\/campgemmi.ch\/index.php?rest_route=\/wp\/v2\/pages\/562\/revisions"}],"predecessor-version":[{"id":1609,"href":"https:\/\/campgemmi.ch\/index.php?rest_route=\/wp\/v2\/pages\/562\/revisions\/1609"}],"wp:attachment":[{"href":"https:\/\/campgemmi.ch\/index.php?rest_route=%2Fwp%2Fv2%2Fmedia&parent=562"}],"curies":[{"name":"wp","href":"https:\/\/api.w.org\/{rel}","templated":true}]}}