{"id":507,"date":"2018-06-28T20:42:23","date_gmt":"2018-06-28T20:42:23","guid":{"rendered":"https:\/\/campgemmi.ch\/?page_id=507"},"modified":"2026-04-05T06:45:15","modified_gmt":"2026-04-05T06:45:15","slug":"startseite","status":"publish","type":"page","link":"https:\/\/campgemmi.ch\/","title":{"rendered":"Startseite"},"content":{"rendered":"<p>[et_pb_section fb_built=&#8220;1&#8243; fullwidth=&#8220;on&#8220; _builder_version=&#8220;3.0.106&#8243; module_alignment=&#8220;center&#8220; custom_padding=&#8220;0|0px|0|0px&#8220; top_divider_style=&#8220;arrow3&#8243; top_divider_color=&#8220;rgba(224,153,0,0.81)&#8220; top_divider_height=&#8220;177px&#8220; animation_style=&#8220;fade&#8220;][et_pb_fullwidth_slider show_image_video_mobile=&#8220;on&#8220; module_class=&#8220;et_fullsscreen_slider&#8220; _builder_version=&#8220;3.0.106&#8243; header_font=&#8220;||||||||&#8220; header_text_align=&#8220;center&#8220; background_image=&#8220;https:\/\/campgemmi.ch\/wp-content\/uploads\/2020\/02\/27.2.20-3.jpg&#8220; button_rel=&#8220;off|off|off|off|off&#8220; auto=&#8220;on&#8220; text_shadow_style=&#8220;preset1&#8243;][et_pb_slide _builder_version=&#8220;3.0.106&#8243; background_image=&#8220;https:\/\/campgemmi.ch\/wp-content\/uploads\/2018\/06\/rv-2788677_1920.jpg&#8220;][\/et_pb_slide][et_pb_slide _builder_version=&#8220;3.0.106&#8243; background_image=&#8220;https:\/\/campgemmi.ch\/wp-content\/uploads\/2018\/06\/camp-1163419_1920.jpg&#8220;][\/et_pb_slide][et_pb_slide _builder_version=&#8220;3.0.106&#8243; background_image=&#8220;https:\/\/campgemmi.ch\/wp-content\/uploads\/2018\/06\/travel-2604981_1920.jpg&#8220; inline_fonts=&#8220;Arima Madurai&#8220;]<\/p>\n<h1 class=\"et_pb_module_header et-fb-editable-element et-fb-editable-element__editing\" contenteditable=\"true\" data-shortcode-id=\"1.0.0.0-1528881523952\"><em>Geniessen Sie die herrliche, erfrischende Bergluft<\/em><\/h1>\n<p>[\/et_pb_slide][et_pb_slide _builder_version=&#8220;3.0.106&#8243;][\/et_pb_slide][\/et_pb_fullwidth_slider][\/et_pb_section][et_pb_section fb_built=&#8220;1&#8243; _builder_version=&#8220;3.0.106&#8243; custom_padding=&#8220;0|0px|21px|0px&#8220;][et_pb_row custom_padding=&#8220;27px|0|259px|0px&#8220; _builder_version=&#8220;3.0.106&#8243; background_image=&#8220;https:\/\/campgemmi.ch\/wp-content\/uploads\/2022\/06\/Screenshot-2022-06-14-171609-1.png&#8220;][et_pb_column type=&#8220;1_2&#8243; _builder_version=&#8220;3.0.106&#8243; parallax=&#8220;off&#8220; parallax_method=&#8220;on&#8220;][\/et_pb_column][et_pb_column type=&#8220;1_2&#8243; _builder_version=&#8220;3.0.106&#8243; parallax=&#8220;off&#8220; parallax_method=&#8220;on&#8220;][\/et_pb_column][\/et_pb_row][et_pb_row _builder_version=&#8220;3.0.106&#8243;][et_pb_column type=&#8220;1_4&#8243; _builder_version=&#8220;3.0.106&#8243; parallax=&#8220;off&#8220; parallax_method=&#8220;on&#8220;][\/et_pb_column][et_pb_column type=&#8220;1_4&#8243; _builder_version=&#8220;3.0.106&#8243; parallax=&#8220;off&#8220; parallax_method=&#8220;on&#8220;][\/et_pb_column][et_pb_column type=&#8220;1_4&#8243; _builder_version=&#8220;3.0.106&#8243; parallax=&#8220;off&#8220; parallax_method=&#8220;on&#8220;][\/et_pb_column][et_pb_column type=&#8220;1_4&#8243; _builder_version=&#8220;3.0.106&#8243; parallax=&#8220;off&#8220; parallax_method=&#8220;on&#8220;][\/et_pb_column][\/et_pb_row][et_pb_row _builder_version=&#8220;3.0.106&#8243;][et_pb_column type=&#8220;1_4&#8243; _builder_version=&#8220;3.0.106&#8243; parallax=&#8220;off&#8220; parallax_method=&#8220;on&#8220;][\/et_pb_column][et_pb_column type=&#8220;1_4&#8243; _builder_version=&#8220;3.0.106&#8243; parallax=&#8220;off&#8220; parallax_method=&#8220;on&#8220;][\/et_pb_column][et_pb_column type=&#8220;1_4&#8243; _builder_version=&#8220;3.0.106&#8243; parallax=&#8220;off&#8220; parallax_method=&#8220;on&#8220;][\/et_pb_column][et_pb_column type=&#8220;1_4&#8243; _builder_version=&#8220;3.0.106&#8243; parallax=&#8220;off&#8220; parallax_method=&#8220;on&#8220;][\/et_pb_column][\/et_pb_row][et_pb_row _builder_version=&#8220;3.0.106&#8243;][et_pb_column type=&#8220;4_4&#8243; _builder_version=&#8220;3.0.106&#8243; parallax=&#8220;off&#8220; parallax_method=&#8220;on&#8220;][et_pb_blurb _builder_version=&#8220;3.0.106&#8243;]<\/p>\n<h1 style=\"text-align: center;\"><strong>Wir haben ge\u00f6ffnet vom\u00a0<\/strong><\/h1>\n<h1 style=\"text-align: center;\"><strong>1. April bis 4. Oktober 2026<\/strong><\/h1>\n<p>[\/et_pb_blurb][\/et_pb_column][\/et_pb_row][et_pb_row _builder_version=&#8220;3.0.106&#8243;][et_pb_column type=&#8220;1_4&#8243; _builder_version=&#8220;3.0.106&#8243; parallax=&#8220;off&#8220; parallax_method=&#8220;on&#8220;][et_pb_image src=&#8220;https:\/\/campgemmi.ch\/wp-content\/uploads\/2026\/04\/5.4.21-2.jpg&#8220; _builder_version=&#8220;3.0.106&#8243;][\/et_pb_image][\/et_pb_column][et_pb_column type=&#8220;1_4&#8243; _builder_version=&#8220;3.0.106&#8243; parallax=&#8220;off&#8220; parallax_method=&#8220;on&#8220;][et_pb_image src=&#8220;https:\/\/campgemmi.ch\/wp-content\/uploads\/2026\/04\/5.4.21-1.jpg&#8220; _builder_version=&#8220;3.0.106&#8243;][\/et_pb_image][\/et_pb_column][et_pb_column type=&#8220;1_4&#8243; _builder_version=&#8220;3.0.106&#8243; parallax=&#8220;off&#8220; parallax_method=&#8220;on&#8220;][\/et_pb_column][et_pb_column type=&#8220;1_4&#8243; _builder_version=&#8220;3.0.106&#8243; parallax=&#8220;off&#8220; parallax_method=&#8220;on&#8220;][\/et_pb_column][\/et_pb_row][et_pb_row _builder_version=&#8220;3.0.106&#8243;][et_pb_column type=&#8220;1_4&#8243; _builder_version=&#8220;3.0.106&#8243; parallax=&#8220;off&#8220; parallax_method=&#8220;on&#8220;][\/et_pb_column][et_pb_column type=&#8220;1_4&#8243; _builder_version=&#8220;3.0.106&#8243; parallax=&#8220;off&#8220; parallax_method=&#8220;on&#8220;][\/et_pb_column][et_pb_column type=&#8220;1_4&#8243; _builder_version=&#8220;3.0.106&#8243; parallax=&#8220;off&#8220; parallax_method=&#8220;on&#8220;][\/et_pb_column][et_pb_column type=&#8220;1_4&#8243; _builder_version=&#8220;3.0.106&#8243; parallax=&#8220;off&#8220; parallax_method=&#8220;on&#8220;][\/et_pb_column][\/et_pb_row][\/et_pb_section][et_pb_section fb_built=&#8220;1&#8243; _builder_version=&#8220;3.0.47&#8243; custom_padding=&#8220;0|0px|34px|0px&#8220;][et_pb_row custom_padding=&#8220;0|0px|27px|0px&#8220; _builder_version=&#8220;3.0.47&#8243; background_size=&#8220;initial&#8220; background_position=&#8220;top_left&#8220; background_repeat=&#8220;repeat&#8220;][et_pb_column type=&#8220;1_2&#8243; _builder_version=&#8220;3.0.47&#8243; parallax=&#8220;off&#8220; parallax_method=&#8220;on&#8220;][et_pb_blurb title=&#8220;Camping Gemmi Agarn&#8220; _builder_version=&#8220;3.0.106&#8243; header_level=&#8220;h1&#8243;]<\/p>\n<p class=\"osContentP\"><span id=\"result_box\" class=\"short_text\" lang=\"en\"><span class=\"hps\">Willkommen im Wallis. Wir m\u00f6chten Ihnen nicht nur unseren sch\u00f6nen und komfortablen Vier-Sterne-Camping vorstellen, der zu den sch\u00f6nsten Pl\u00e4tzen der Schweiz geh\u00f6rt, sondern auch einiges aus unserer Region zeigen. Hier gibt es 47 Viertausender, unendliche Wanderwege, Natur und Kultur, Spass und Wellness und die besten Weine der Schweiz, denn das Wallis ist die\u00a0<strong>echte Schweizer Sonnenstube<\/strong>. Fr\u00f6hliches Surfen und besucht uns mal.<\/span><\/span><\/p>\n<p>[\/et_pb_blurb][\/et_pb_column][et_pb_column type=&#8220;1_2&#8243; _builder_version=&#8220;3.0.47&#8243; parallax=&#8220;off&#8220; parallax_method=&#8220;on&#8220;][et_pb_image src=&#8220;https:\/\/campgemmi.ch\/wp-content\/uploads\/2018\/06\/willkommen.jpg&#8220; _builder_version=&#8220;3.0.106&#8243;][\/et_pb_image][\/et_pb_column][\/et_pb_row][et_pb_row _builder_version=&#8220;3.0.106&#8243;][et_pb_column type=&#8220;1_2&#8243; _builder_version=&#8220;3.0.47&#8243; parallax=&#8220;off&#8220; parallax_method=&#8220;on&#8220;][et_pb_blurb title=&#8220;Auf einen Blick&#8220; _builder_version=&#8220;3.0.106&#8243; header_level=&#8220;h1&#8243; header_font=&#8220;||||||||&#8220;]<\/p>\n<ul>\n<li>ist ein Vier-Sterne-Platz und geh\u00f6rt zu den besten Campings der Schweiz<\/li>\n<li>liegt im Tal der jungen Rhone, idyllisch eingerahmt von den Walliser Bergen<\/li>\n<li>befindet sich noch im deutschsprachigen Gebiet im Herzen des Wallis<\/li>\n<li>ist ein sehr ruhiger Platz ohne den L\u00e4rm eines Schwimmbades<\/li>\n<li>mit einfacher Zufahrt, auch f\u00fcr gr\u00f6ssere Wohnwagen und Wohnmobile<\/li>\n<li>auf meist flachem, gepflegten Grasgel\u00e4nde<\/li>\n<li>ist bekannt f\u00fcr komfortable, saubere und teilweise neue Sanit\u00e4ranlagen<\/li>\n<li>es gibt 10 private Badezimmer mit Dusche, Lavabo und WC zu mieten<\/li>\n<li>wird regelm\u00e4ssig von den internationalen Campingclubs \u00fcberpr\u00fcft<\/li>\n<\/ul>\n<p>[\/et_pb_blurb][\/et_pb_column][et_pb_column type=&#8220;1_2&#8243; _builder_version=&#8220;3.0.47&#8243; parallax=&#8220;off&#8220; parallax_method=&#8220;on&#8220;][et_pb_image src=&#8220;https:\/\/campgemmi.ch\/wp-content\/uploads\/2018\/06\/aufeineblick.jpg&#8220; _builder_version=&#8220;3.0.106&#8243;][\/et_pb_image][\/et_pb_column][\/et_pb_row][et_pb_row _builder_version=&#8220;3.0.106&#8243;][et_pb_column type=&#8220;1_2&#8243; _builder_version=&#8220;3.0.47&#8243; parallax=&#8220;off&#8220; parallax_method=&#8220;on&#8220;][et_pb_blurb _builder_version=&#8220;3.0.106&#8243;]<\/p>\n<ul>\n<li>ist \u00fcbersichtlich und nicht zu gross<\/li>\n<li>hat 61 grossz\u00fcgige, parzellierte Touristenpl\u00e4tze und nur 7 Saisonpl\u00e4tze<\/li>\n<li>alle Stellpl\u00e4tze haben 16 Amp\u00e8re Stromanschluss<\/li>\n<li>52 Pl\u00e4tze mit Abwasser- und teilweise auch Trinkwasseranschluss<\/li>\n<li>Fernsehempfang auch mit\u00a0platzeigenen\u00a0Sat-Antennen (gratis) m\u00f6glich<\/li>\n<li>wifi \/ WLAN auf dem gesamten Platz gegen geringe Schutzgeb\u00fchr<\/li>\n<\/ul>\n<p>[\/et_pb_blurb][\/et_pb_column][et_pb_column type=&#8220;1_2&#8243; _builder_version=&#8220;3.0.47&#8243; parallax=&#8220;off&#8220; parallax_method=&#8220;on&#8220;][et_pb_image src=&#8220;https:\/\/campgemmi.ch\/wp-content\/uploads\/2018\/06\/camping.jpg&#8220; _builder_version=&#8220;3.0.106&#8243;][\/et_pb_image][\/et_pb_column][\/et_pb_row][et_pb_row _builder_version=&#8220;3.0.106&#8243;][et_pb_column type=&#8220;1_2&#8243; _builder_version=&#8220;3.0.47&#8243; parallax=&#8220;off&#8220; parallax_method=&#8220;on&#8220;][et_pb_blurb _builder_version=&#8220;3.0.106&#8243;]<\/p>\n<ul>\n<li>Wir sprechen Deutsch, Franz\u00f6sisch, ein wenig Englisch<\/li>\n<li>lassen Sie auch mit anderen Problemen nicht allein<\/li>\n<li>sorgen f\u00fcr die ungest\u00f6rte Nachtruhe, die Barriere bleibt von 22:00 bis 08:00 definitiv geschlossen<\/li>\n<li>Mittagspause von 12.30 bis 15.00 Uhr<\/li>\n<\/ul>\n<p>[\/et_pb_blurb][\/et_pb_column][et_pb_column type=&#8220;1_2&#8243; _builder_version=&#8220;3.0.47&#8243; parallax=&#8220;off&#8220; parallax_method=&#8220;on&#8220;][et_pb_image src=&#8220;https:\/\/campgemmi.ch\/wp-content\/uploads\/2018\/06\/camp2.jpg&#8220; _builder_version=&#8220;3.0.106&#8243;][\/et_pb_image][\/et_pb_column][\/et_pb_row][et_pb_row _builder_version=&#8220;3.0.106&#8243;][et_pb_column type=&#8220;1_2&#8243; _builder_version=&#8220;3.0.47&#8243; parallax=&#8220;off&#8220; parallax_method=&#8220;on&#8220;][et_pb_blurb title=&#8220;Reservieren&#8220; _builder_version=&#8220;3.0.106&#8243; header_level=&#8220;h1&#8243; header_font=&#8220;||||||||&#8220;]<\/p>\n<div><\/div>\n<div>Sie k\u00f6nnen selbstverst\u00e4ndlich bei uns reservieren. Reservierungen sind kostenlos, jedoch f\u00fcr beide Partner verbindlich. Wir vertrauen unseren G\u00e4sten und verzichten auf Anzahlungen. Bitte verwenden Sie f\u00fcr Ihre Reservierung ausschliesslich das\u00a0<a href=\"?page_id=105\">Formular<\/a>\u00a0auf dieser Website.<\/div>\n<p>[\/et_pb_blurb][\/et_pb_column][et_pb_column type=&#8220;1_2&#8243; _builder_version=&#8220;3.0.47&#8243; parallax=&#8220;off&#8220; parallax_method=&#8220;on&#8220;][et_pb_image src=&#8220;https:\/\/campgemmi.ch\/wp-content\/uploads\/2018\/06\/camp.jpg&#8220; _builder_version=&#8220;3.0.106&#8243;][\/et_pb_image][\/et_pb_column][\/et_pb_row][et_pb_row custom_padding=&#8220;27px|0px|0|0px&#8220; _builder_version=&#8220;3.0.106&#8243;][et_pb_column type=&#8220;1_2&#8243; _builder_version=&#8220;3.0.47&#8243; parallax=&#8220;off&#8220; parallax_method=&#8220;on&#8220;][et_pb_blurb title=&#8220;Mobilheim \/ Wohnwagen&#8220; _builder_version=&#8220;3.0.106&#8243; header_level=&#8220;h1&#8243; header_font=&#8220;||||||||&#8220;]<\/p>\n<p>Ferien mit Komfort &#8211; mieten Sie unser Mobilheim \/ Wohnwagen.<\/p>\n<p>\u00a0<\/p>\n<p>[\/et_pb_blurb][\/et_pb_column][et_pb_column type=&#8220;1_2&#8243; _builder_version=&#8220;3.0.47&#8243; parallax=&#8220;off&#8220; parallax_method=&#8220;on&#8220;][et_pb_gallery gallery_ids=&#8220;448&#8243; posts_number=&#8220;1&#8243; _builder_version=&#8220;3.0.106&#8243;][\/et_pb_gallery][et_pb_gallery gallery_ids=&#8220;1928&#8243; posts_number=&#8220;1&#8243; _builder_version=&#8220;3.0.106&#8243;][\/et_pb_gallery][\/et_pb_column][\/et_pb_row][et_pb_row _builder_version=&#8220;3.0.106&#8243;][et_pb_column type=&#8220;1_4&#8243; _builder_version=&#8220;3.0.106&#8243; parallax=&#8220;off&#8220; parallax_method=&#8220;on&#8220;][et_pb_image _builder_version=&#8220;3.0.106&#8243;][\/et_pb_image][\/et_pb_column][et_pb_column type=&#8220;1_4&#8243; _builder_version=&#8220;3.0.106&#8243; parallax=&#8220;off&#8220; parallax_method=&#8220;on&#8220;][\/et_pb_column][et_pb_column type=&#8220;1_4&#8243; _builder_version=&#8220;3.0.106&#8243; parallax=&#8220;off&#8220; parallax_method=&#8220;on&#8220;][\/et_pb_column][et_pb_column type=&#8220;1_4&#8243; _builder_version=&#8220;3.0.106&#8243; parallax=&#8220;off&#8220; parallax_method=&#8220;on&#8220;][\/et_pb_column][\/et_pb_row][et_pb_row _builder_version=&#8220;3.0.106&#8243;][et_pb_column type=&#8220;1_2&#8243; _builder_version=&#8220;3.0.106&#8243; parallax=&#8220;off&#8220; parallax_method=&#8220;on&#8220;][et_pb_gallery gallery_ids=&#8220;1774&#8243; posts_number=&#8220;4&#8243; _builder_version=&#8220;3.0.106&#8243;][\/et_pb_gallery][\/et_pb_column][et_pb_column type=&#8220;1_2&#8243; _builder_version=&#8220;3.0.106&#8243; parallax=&#8220;off&#8220; parallax_method=&#8220;on&#8220;][\/et_pb_column][\/et_pb_row][et_pb_row _builder_version=&#8220;3.0.106&#8243;][et_pb_column type=&#8220;1_4&#8243; _builder_version=&#8220;3.0.106&#8243; parallax=&#8220;off&#8220; parallax_method=&#8220;on&#8220;][\/et_pb_column][et_pb_column type=&#8220;1_4&#8243; _builder_version=&#8220;3.0.106&#8243; parallax=&#8220;off&#8220; parallax_method=&#8220;on&#8220;][\/et_pb_column][et_pb_column type=&#8220;1_4&#8243; _builder_version=&#8220;3.0.106&#8243; parallax=&#8220;off&#8220; parallax_method=&#8220;on&#8220;][\/et_pb_column][et_pb_column type=&#8220;1_4&#8243; _builder_version=&#8220;3.0.106&#8243; parallax=&#8220;off&#8220; parallax_method=&#8220;on&#8220;][\/et_pb_column][\/et_pb_row][et_pb_row _builder_version=&#8220;3.0.106&#8243;][et_pb_column type=&#8220;1_4&#8243; _builder_version=&#8220;3.0.106&#8243; parallax=&#8220;off&#8220; parallax_method=&#8220;on&#8220;][\/et_pb_column][et_pb_column type=&#8220;1_4&#8243; _builder_version=&#8220;3.0.106&#8243; parallax=&#8220;off&#8220; parallax_method=&#8220;on&#8220;][\/et_pb_column][et_pb_column type=&#8220;1_4&#8243; _builder_version=&#8220;3.0.106&#8243; parallax=&#8220;off&#8220; parallax_method=&#8220;on&#8220;][\/et_pb_column][et_pb_column type=&#8220;1_4&#8243; _builder_version=&#8220;3.0.106&#8243; parallax=&#8220;off&#8220; parallax_method=&#8220;on&#8220;][\/et_pb_column][\/et_pb_row][et_pb_row _builder_version=&#8220;3.0.106&#8243;][et_pb_column type=&#8220;1_4&#8243; _builder_version=&#8220;3.0.106&#8243; parallax=&#8220;off&#8220; parallax_method=&#8220;on&#8220;][\/et_pb_column][et_pb_column type=&#8220;1_4&#8243; _builder_version=&#8220;3.0.106&#8243; parallax=&#8220;off&#8220; parallax_method=&#8220;on&#8220;][\/et_pb_column][et_pb_column type=&#8220;1_4&#8243; _builder_version=&#8220;3.0.106&#8243; parallax=&#8220;off&#8220; parallax_method=&#8220;on&#8220;][\/et_pb_column][et_pb_column type=&#8220;1_4&#8243; _builder_version=&#8220;3.0.106&#8243; parallax=&#8220;off&#8220; parallax_method=&#8220;on&#8220;][\/et_pb_column][\/et_pb_row][et_pb_row use_custom_width=&#8220;on&#8220; custom_width_px=&#8220;562px&#8220; custom_padding=&#8220;24px|0px|0|0px&#8220; _builder_version=&#8220;3.0.106&#8243; border_radii=&#8220;on|4px|4px|4px|4px&#8220; border_width_all=&#8220;16px&#8220;][et_pb_column type=&#8220;4_4&#8243; _builder_version=&#8220;3.0.106&#8243; parallax=&#8220;off&#8220; parallax_method=&#8220;on&#8220;][et_pb_text _builder_version=&#8220;3.0.106&#8243;]<\/p>\n<h1 style=\"text-align: center;\"><strong>Live Webcam<\/strong><\/h1>\n<p>[\/et_pb_text][et_pb_image src=&#8220;https:\/\/www.meteo-oberwallis.ch\/webcam\/susten\/camping.php&#8220; _builder_version=&#8220;3.0.106&#8243;][\/et_pb_image][\/et_pb_column][\/et_pb_row][et_pb_row custom_padding=&#8220;|||&#8220; _builder_version=&#8220;3.0.106&#8243; module_alignment=&#8220;center&#8220;][et_pb_column type=&#8220;1_4&#8243; _builder_version=&#8220;3.0.47&#8243; parallax=&#8220;off&#8220; parallax_method=&#8220;on&#8220;][et_pb_button button_url=&#8220;https:\/\/www.zermatt.ch\/Webcams&#8220; url_new_window=&#8220;on&#8220; button_text=&#8220;Zermatt Webcams&#8220; _builder_version=&#8220;3.0.106&#8243; filter_brightness=&#8220;0%&#8220;][\/et_pb_button][\/et_pb_column][et_pb_column type=&#8220;1_4&#8243; _builder_version=&#8220;3.0.47&#8243; parallax=&#8220;off&#8220; parallax_method=&#8220;on&#8220;][et_pb_button button_url=&#8220;http:\/\/www.leukerbad.ch\/services\/webcams\/&#8220; url_new_window=&#8220;on&#8220; button_text=&#8220;Leukerbad Webcams&#8220; button_alignment=&#8220;center&#8220; _builder_version=&#8220;3.0.106&#8243; custom_margin=&#8220;|||&#8220; custom_padding=&#8220;|||&#8220; filter_brightness=&#8220;0%&#8220;][\/et_pb_button][\/et_pb_column][et_pb_column type=&#8220;1_4&#8243; _builder_version=&#8220;3.0.47&#8243; parallax=&#8220;off&#8220; parallax_method=&#8220;on&#8220;][et_pb_button button_url=&#8220;https:\/\/yellow.local.ch\/de\/d\/Susten\/3952\/Coiffeurgeschaeft\/Coiffeur-Gemmis-Schnittpunkt-5k_h5T7ITebQJz81aHE8vQ&#8220; url_new_window=&#8220;on&#8220; button_text=&#8220;Coiffeure&#8220; button_alignment=&#8220;center&#8220; _builder_version=&#8220;3.0.106&#8243; filter_saturate=&#8220;200%&#8220; filter_brightness=&#8220;0%&#8220;][\/et_pb_button][\/et_pb_column][et_pb_column type=&#8220;1_4&#8243; _builder_version=&#8220;3.0.47&#8243; parallax=&#8220;off&#8220; parallax_method=&#8220;on&#8220;][\/et_pb_column][\/et_pb_row][\/et_pb_section]<\/p>\n","protected":false},"excerpt":{"rendered":"<p>[et_pb_section fb_built=&#8220;1&#8243; fullwidth=&#8220;on&#8220; _builder_version=&#8220;3.0.106&#8243; module_alignment=&#8220;center&#8220; custom_padding=&#8220;0|0px|0|0px&#8220; top_divider_style=&#8220;arrow3&#8243; top_divider_color=&#8220;rgba(224,153,0,0.81)&#8220; top_divider_height=&#8220;177px&#8220; animation_style=&#8220;fade&#8220;][et_pb_fullwidth_slider show_image_video_mobile=&#8220;on&#8220; module_class=&#8220;et_fullsscreen_slider&#8220; _builder_version=&#8220;3.0.106&#8243; header_font=&#8220;||||||||&#8220; header_text_align=&#8220;center&#8220; background_image=&#8220;https:\/\/campgemmi.ch\/wp-content\/uploads\/2020\/02\/27.2.20-3.jpg&#8220; button_rel=&#8220;off|off|off|off|off&#8220; auto=&#8220;on&#8220; text_shadow_style=&#8220;preset1&#8243;][et_pb_slide _builder_version=&#8220;3.0.106&#8243; background_image=&#8220;https:\/\/campgemmi.ch\/wp-content\/uploads\/2018\/06\/rv-2788677_1920.jpg&#8220;][\/et_pb_slide][et_pb_slide _builder_version=&#8220;3.0.106&#8243; background_image=&#8220;https:\/\/campgemmi.ch\/wp-content\/uploads\/2018\/06\/camp-1163419_1920.jpg&#8220;][\/et_pb_slide][et_pb_slide _builder_version=&#8220;3.0.106&#8243; background_image=&#8220;https:\/\/campgemmi.ch\/wp-content\/uploads\/2018\/06\/travel-2604981_1920.jpg&#8220; inline_fonts=&#8220;Arima Madurai&#8220;] Geniessen Sie die herrliche, erfrischende Bergluft [\/et_pb_slide][et_pb_slide _builder_version=&#8220;3.0.106&#8243;][\/et_pb_slide][\/et_pb_fullwidth_slider][\/et_pb_section][et_pb_section fb_built=&#8220;1&#8243; _builder_version=&#8220;3.0.106&#8243; custom_padding=&#8220;0|0px|21px|0px&#8220;][et_pb_row custom_padding=&#8220;27px|0|259px|0px&#8220; _builder_version=&#8220;3.0.106&#8243; background_image=&#8220;https:\/\/campgemmi.ch\/wp-content\/uploads\/2022\/06\/Screenshot-2022-06-14-171609-1.png&#8220;][et_pb_column type=&#8220;1_2&#8243; _builder_version=&#8220;3.0.106&#8243; parallax=&#8220;off&#8220; parallax_method=&#8220;on&#8220;][\/et_pb_column][et_pb_column type=&#8220;1_2&#8243; _builder_version=&#8220;3.0.106&#8243; parallax=&#8220;off&#8220; parallax_method=&#8220;on&#8220;][\/et_pb_column][\/et_pb_row][et_pb_row _builder_version=&#8220;3.0.106&#8243;][et_pb_column type=&#8220;1_4&#8243; _builder_version=&#8220;3.0.106&#8243; parallax=&#8220;off&#8220; parallax_method=&#8220;on&#8220;][\/et_pb_column][et_pb_column type=&#8220;1_4&#8243; [&hellip;]<\/p>\n","protected":false},"author":1,"featured_media":0,"parent":0,"menu_order":0,"comment_status":"closed","ping_status":"closed","template":"","meta":{"footnotes":""},"_links":{"self":[{"href":"https:\/\/campgemmi.ch\/index.php?rest_route=\/wp\/v2\/pages\/507"}],"collection":[{"href":"https:\/\/campgemmi.ch\/index.php?rest_route=\/wp\/v2\/pages"}],"about":[{"href":"https:\/\/campgemmi.ch\/index.php?rest_route=\/wp\/v2\/types\/page"}],"author":[{"embeddable":true,"href":"https:\/\/campgemmi.ch\/index.php?rest_route=\/wp\/v2\/users\/1"}],"replies":[{"embeddable":true,"href":"https:\/\/campgemmi.ch\/index.php?rest_route=%2Fwp%2Fv2%2Fcomments&post=507"}],"version-history":[{"count":120,"href":"https:\/\/campgemmi.ch\/index.php?rest_route=\/wp\/v2\/pages\/507\/revisions"}],"predecessor-version":[{"id":2186,"href":"https:\/\/campgemmi.ch\/index.php?rest_route=\/wp\/v2\/pages\/507\/revisions\/2186"}],"wp:attachment":[{"href":"https:\/\/campgemmi.ch\/index.php?rest_route=%2Fwp%2Fv2%2Fmedia&parent=507"}],"curies":[{"name":"wp","href":"https:\/\/api.w.org\/{rel}","templated":true}]}}